inder when k(g) is divided by d?
3
Calculate the remainder when (-1)/(4 - 372/92) is divided by 8.
7
Let a(z) = z**2 + 2*z. Let l be a(-3). Suppose 2*v - 2*t = 2, -l*t - 4 + 5 = -2*v. Suppose -1 = -n + 5. Calculate the remainder when n is divided by v.
2
Let x(o) = o**2 + 3*o. Let k be (-2)/(-3)*-3 - 4. Let d = k + 17. Calculate the remainder when d is divided by x(-4).
3
Suppose 0 = -2*w + 3*f + 15, 0 = -2*w - 3*f + 20 + 1. Suppose 32 = 5*u + 2. What is the remainder when w is divided by u?
3
Suppose -4*t + 16 = -2*g, -5*t + 5*g = -t - 28. What is the remainder when 7 is divided by 0 + t*(2 - 1)?
1
Let k(t) = -9*t - 10*t - 1 - 22*t. What is the remainder when k(-1) is divided by (2/4)/(2/56)?
12
Let n be -1 + 14/(-3)*-3. Suppose -x + 2*x = -a, 2*a = -10. What is the remainder when (1 + -1)/(-2) + n is divided by x?
3
Let z(d) = -6*d + 2. Let l be z(-4). Let u = l + -36. Let n = -2 - u. What is the remainder when 14 is divided by n?
6
Let y(t) = 17*t**2 - 5. What is the remainder when y(2) is divided by 32?
31
Let m(u) = 5*u - 4. Let h be m(-3). Let x(q) = -q + 4. Suppose 2*i = -3*j + 94, -2*i - 2*i + 2*j = -172. What is the remainder when i is divided by x(h)?
21
Let a = -13 - -34. Suppose 0 = -8*q - 0*q + 648. What is the remainder when q is divided by a?
18
Suppose -3*d + v = -4*d, 7 = -5*d + 2*v. What is the remainder when 2 + -1 - d - -31 is divided by (1/2)/((-2)/(-68))?
16
Suppose -3*f + 2*f + 23 = 3*o, -4*f - 3*o + 119 = 0. Suppose 3*d - f = -d. Suppose 5 + d = r. What is the remainder when 50 is divided by r?
11
Suppose 0*c = 3*c - 33. What is the remainder when c is divided by 3?
2
Let a be (-1 + -1)*(-2)/(-2). Let p(m) = m + 2. What is the remainder when -30*(1 + 3/a) is divided by p(6)?
7
Suppose 0 = -2*t - 2*z + 8, 2*t - z - 1 = 7. Calculate the remainder when t is divided by 3.
1
Let v(i) = -i**2 - 10*i + 4. Let w be v(-10). Suppose -4*k + 47 = 3*d, 20 = 4*d + w*k - 36. Calculate the remainder when 25 is divided by d.
7
Let d be (1 - 0)/(5 - 4). Let j(z) = 12*z + 1. What is the remainder when j(d) is divided by 7?
6
Suppose -50 = -2*v + 6. Let c = -382 - -465. Calculate the remainder when c is divided by v.
27
Suppose 4*q = -11 - 13. Let i(m) = -m - 1. Let l be i(q). Calculate the remainder when 28 is divided by (2/l)/((-4)/(-100)).
8
Calculate the remainder when (-3 + 2)*(-4 - 79) is divided by 21.
20
Let p(b) = b**2 - 19*b + 11. What is the remainder when 13 is divided by p(19)?
2
Let j = 66 - 47. Let n = -16 + j. Calculate the remainder when (33/12)/((-1)/(-4)) is divided by n.
2
Let a = 3 + 0. Suppose a*t = 7*t - 4. What is the remainder when t is divided by 1?
0
Suppose 3*c - 183 = 189. Suppose 0*q - c = -4*q. Let f = q + -18. Calculate the remainder when 50 is divided by f.
11
Suppose 2*h + 48 = 4*h. What is the remainder when 47 is divided by h?
23
Let z(j) = -18*j**3 + j + 1. What is the remainder when 70 is divided by z(-1)?
16
Let p = 153 - 135. What is the remainder when 50 is divided by p?
14
Let q be 3 + (-1)/(-1) + -2. Suppose q*k = k + 23. Calculate the remainder when k is divided by 6 - (-2 + -1 + 1).
7
Let r = -52 + 86. Let j = r + -14. What is the remainder when j is divided by 11?
9
Let r be (0 - -1*11)/1. Let j = 21 - 1. What is the remainder when j is divided by r + -3 - (0 - -1)?
6
Let a = -5 - 4. Let w = a - -18. Calculate the remainder when 24 is divided by w.
6
Suppose 4 = -5*m + 99. Calculate the remainder when 73 is divided by m.
16
Let y(k) = k. Let x be y(-3). Let f(w) = -w**2 - 7*w - 1. Let l be f(x). Let o = l - 7. What is the remainder when 7 is divided by o?
3
Let r be (-3)/15 + 537/(-15). Let m = r - -127. Calculate the remainder when m is divided by 23.
22
Let d(g) = g**2 - 2*g + 4. Suppose 5*n - 8 = 107. Calculate the remainder when n is divided by d(4).
11
Let a(k) = -k**3 - 23*k**2 + 23*k - 3. What is the remainder when a(-24) is divided by 12?
9
Let h(p) = 2*p + 6. Let v(q) = -2*q + 1. Let o be v(-2). Let y(u) = 13*u**2 + 4*u + 3. What is the remainder when y(-2) is divided by h(o)?
15
Calculate the remainder when 119 is divided by (-9)/(-1 + (74/20 - 3)).
29
Let g = 25 - 6. Suppose -w - 2*z = -35 + 3, 3*z - 138 = -4*w. Calculate the remainder when w is divided by g.
17
Let f = -50 - -76. Let j = f + 5. What is the remainder when j is divided by 11?
9
Let x = 381 - 12. Calculate the remainder when x is divided by 53.
51
Let t be (-3 - -2)*1*-6. Let m be 212/t*(-9)/(-6). Suppose -6*v + v = 3*g - m, -20 = 5*g. Calculate the remainder when v is divided by 7.
6
Let u = -61 - -111. Calculate the remainder when u is divided by 26.
24
Let q be 486/(-14) - 2/7. Let h be -3 + 3 - (q - 1). Suppose 0 = 3*k - 5*t + h - 151, 5*k - 3*t - 165 = 0. What is the remainder when k is divided by 16?
14
Let a(i) = i**2 - i + 11. Let d(h) be the second derivative of 11*h**4/6 + h**3/6 - h. What is the remainder when d(-1) is divided by a(0)?
10
Let z(q) = -q**3 + 8*q**2 - 2*q + 6. Let w be z(8). Let r(k) = k**2 - 5*k + 6. What is the remainder when 136/(-10)*w/4 is divided by r(6)?
10
Let r = 53 + -39. What is the remainder when 24 is divided by r?
10
Suppose 3*x = l - 0*x - 20, 2*l + 2*x = 80. Let i be (-14)/(-10) + 8/(-20). Calculate the remainder when l is divided by 10 + i - (-1)/1.
11
Let m(v) = -2*v + 1. What is the remainder when 20 is divided by m(-5)?
9
Let n = -16 - -33. Let k = 0 + n. Let s = -7 - -16. What is the remainder when k is divided by s?
8
Let w = 66 + -24. Suppose -40 = -2*d + 2*a, -3*a + 42 = 4*d - 52. What is the remainder when w is divided by d?
20
Suppose -g = -2*g - 5*n + 22, 0 = 5*g + n - 14. What is the remainder when 35 is divided by -1 - (-2)/(g/19)?
17
Let t(b) = -5*b - 23. What is the remainder when t(-15) is divided by 28?
24
Let v(z) = z**3 + 9*z**2 + 16*z + 8. Calculate the remainder when 77 is divided by v(-6).
17
What is the remainder when 61 is divided by 1 + 62/(4 - 2)?
29
Suppose 2*v = 31 - 13. Calculate the remainder when 25 is divided by v.
7
Let j(f) = -f**2 - 4*f. Let n be j(-4). Let s be 6 + -2 - (n + 0). Suppose -5*d = -s*d - 12. What is the remainder when 34 is divided by d?
10
Calculate the remainder when 112 is divided by 168/5 - 4/(-10).
10
Let m be (264/16)/((-6)/8). Let k = m + 77. Calculate the remainder when k is divided by 19.
17
Let c = -49 + 68. Calculate the remainder when 36 is divided by c.
17
Let f(r) = r - 3. Let w be f(5). Suppose -w*c - 3*c + 45 = 0. Suppose -81 + 3 = -3*b. What is the remainder when b is divided by c?
8
Let y be (-8)/40 + (-119)/5. Let r = 34 + y. Suppose -r = -k + 1. Calculate the remainder when k is divided by 4.
3
Suppose 14*y - 12 = 11*y. Suppose 0 = -y*h + 5 + 7. Let m = -1 - -3. Calculate the remainder when h is divided by m.
1
Suppose -3*w + 0*w - 21 = 0. Let r(m) = m**3 + 9*m**2 + 9*m - 1. Suppose c + 27 = l - 4*c, -c = -5*l + 63. What is the remainder when r(w) is divided by l?
10
Let w = 49 + -21. Suppose 2*z + m - 3 = 0, -4*z - 2*m - 6 = -4*m. Calculate the remainder when w is divided by z - 1 - (0 + -16).
13
Let q = 39 - 14. What is the remainder when q is divided by 7?
4
Let i(m) = m**2 - 3. Calculate the remainder when 25 is divided by i(-4).
12
Suppose -8 = -2*v + 2*h, -5*v = 3*h + 2*h. What is the remainder when -4*(9/(-4) - v) is divided by (4/2 - -7)/1?
8
Let g(z) = 16*z**2 + z. Calculate the remainder when (-33)/(-4)*4*1 is divided by g(1).
16
Let s(b) be the first derivative of b**4/4 - 3*b**3 - 9*b**2/2 + 10. What is the remainder when s(10) is divided by 6?
4
Let t(w) = 8*w - 5. Let r be t(-5). Let x = r + 75. Suppose g + 4*g = x. Calculate the remainder when 15 is divided by g.
3
Let z be (86/3)/(-2)*-3. Suppose 3*q = z + 50. Let x = 36 - 20. What is the remainder when q is divided by x?
15
Suppose 3*k = 10 - 1. Let r = 26 - 25. What is the remainder when k is divided by r?
0
Let r = 5 + -7. What is the remainder when r/(-10) + (-518)/(-10) is divided by 27?
25
Let d = -63 - -97. Suppose 0*j = 4*j - 72. Suppose 4*g - 23 = c + j, -d = -3*g + 4*c. What is the remainder when 28 is divided by g?
8
Let h be 2*(438/4)/3. Suppose h = 4*u + 9. Calculate the remainder when 30 is divided by u.
14
Let i = 1 - -3. Suppose -x + 4*k = -3*x + 26, -i*x - 2*k + 22 = 0. Suppose -7*r = -x*r - 140. What is the remainder when